 the value of -1 + -39 - (-247 - -199)?
8
(92 - (88 - -21)) + (-54 - 1)
-72
What is 8 - (3 + (-9 - -30) + -10) - (-7 - 1)?
2
(-16 + -2 - (451 + -481 + 17 + 0)) + -36
-41
Calculate 22 + -11 + -13 + (-9 - -125).
114
What is -1 + 5 + -8 + -59 + 110?
47
What is 12 - (-7 - (-1 + -14 + (31 - 5)))?
30
Calculate (13 + -8 - (-3 - -7)) + -6 - -6.
1
53 + -2 + (-153 - -133)
31
What is the value of 43 + 0 - ((-74 - -58) + (3 - 7 - -20))?
43
What is 46 - (1 + (-18 - -8 - -11 - 3))?
47
Evaluate (19 - (-41 - -51)) + -34.
-25
Calculate 64 + -3 + -2 + (-16 - -71) + -59.
55
-9 + (15 - 9) + -4 + (-2 - 39)
-48
What is (-126 + 24 - -26) + 40 - 54?
-90
What is the value of 100 + 13 - (-6 + 12 + -5 - 0)?
112
(32 - 72) + 46 + -18
-12
What is the value of 6 - (18 + 3 + 6 + -4 + 19 + -30)?
-6
What is (3 - 18) + (14 - 16) + 5?
-12
1 + -3 - (-1 + -3) - (-3 + -16 + 3)
18
Calculate -4 + 30 + -35 + -26 + 32.
-3
What is (-3 - 83) + (73 - -19)?
6
-18 + (-82 - -78) + (-1 - 21)
-44
What is the value of 0 - ((43 + -25 - 6) + -4 + 4)?
-12
7 - (28 - (6 + 14))
-1
Evaluate (298 + -314 - (1 - -43)) + -6.
-66
What is the value of -12 + -54 + 17 + -13?
-62
70 - (-144 - (21 - 93))
142
What is 155 + (45 - 223) - (-5 - 0)?
-18
What is the value of (-21 - 2) + 37 + -37 + 55?
32
19 - ((18 - (-20 - -57)) + 68)
-30
19 - -3 - (-13 + 23) - 3
9
Calculate -117 + 61 - -141 - 111.
-26
What is 57 + 4 + -75 + 38?
24
What is the value of -5 - (36 + -61 + -9) - 144?
-115
Evaluate 0 + (108 + -111 - (4 + 1)) + 18 + -28.
-18
-12 + (-74 - -34 - -62) + (0 - (33 + 0))
-23
(11 + -4 - (112 + 0)) + (-150 - -145)
-110
Evaluate 21 + -20 + 14 + 15 + -17 + 11.
24
What is the value of 9 - 4 - (28 - (14 - -19))?
10
What is the value of (107 - (167 - 46)) + (0 - -32)?
18
What is the value of 0 - -42 - (-50 + (19 - 12) - -46)?
39
Evaluate -24 - -7 - ((21 - -1) + (11 - 23) - 1).
-26
What is the value of -1 - (-4 - 1) - (-19 + (-4 - -10) + 8)?
9
Evaluate 7 + (-10 + -14 - (-3 - 7)) + 8 - -13.
14
-107 + 205 - (-4 + 19)
83
5 + (9 - (12 - -12)) - (3 - (6 - 19))
-26
Calculate -1 + (-85 + 93 - (-4 + 70 + -3 + 1)).
-57
-5 - (-7 + -15 + 44 - 2)
-25
Calculate 5 + 36 + 19 + -61.
-1
What is 19 + (-66 - -48) - 76?
-75
Evaluate -75 - ((-4 - 7) + -21 - (-1 - 15)).
-59
Calculate -2 + (3 - 2) - (-8 - (-109 + 29)) - -5.
-68
Calculate -18 - ((118 - 21) + -200).
85
What is -54 + -7 - (-62 - 50)?
51
Calculate (32 + (-58 - -29) - -10) + 10.
23
Calculate 17 - -4 - (25 + (-52 - -18)).
30
(3 - 1) + 6 + (-375 - (-484 + 214))
-97
Evaluate 64 - (58 - 88 - -69).
25
What is (1 - 0) + (104 - 55) + -51 + -14?
-15
Calculate (-151 - -154) + (2 - 3) + (17 - 15).
4
-24 - (-93 - -65 - -25)
-21
11 - (-60 + 18 + 25 + -52)
80
What is the value of 6 + 1 - (-13 + (-12 + 27 - -9 - 8))?
4
What is (-3 - (3 + -2)) + -45 + 6 - (-53 + 47)?
-37
Evaluate -139 + (50 - (-93 - -63)).
-59
What is (74 - 216 - -138) + (-12 - -16) + 35 + 1?
36
(-17 - -194) + -148 + 64
93
What is -53 + (13 + (0 - 12) - -2) - -4?
-46
Evaluate (11 - 6) + -33 + (-23 - (2 + -4 + -8)).
-41
Calculate -2159 - -2166 - ((5 + -4 - 3) + (1 - 22)).
30
What is the value of (87 - 49) + -66 + 10?
-18
-11 + (28 - -7 - (-2 - 20))
46
Evaluate 0 + -76 + -5728 + 5717 + (1 + 1 - -2).
-83
0 - 5 - ((-7 - 0 - 6 - 1) + 12)
-3
Evaluate (31 - ((10 - -7) + -5)) + (2 - -9).
30
Calculate -90 - (-3 + (-203 + 206 - (1 - (2 + -3)))).
-88
What is 87 - (-39 + 8 + 18) - 17?
83
Calculate (20 - 36) + 46 - (1 + 10 + -4 + -3).
26
What is -7 - (-33 - (-1 - 0) - (-283 - -271) - -4)?
9
17 - (15 - 1 - (-20 + (43 - 11)))
15
2 + 3 - 47 - (-353 + 374)
-63
38 - (-7 - (80 - 60))
65
(-58 + -164 - -216) + (122 - 1)
115
What is (17 - 0) + -10 + -1 + 12?
18
What is the value of (-35 - (54 + -18)) + (2 - 3 - -2 - 5)?
-75
What is -63 + (-64 - -55) + 17?
-55
What is the value of (14 - 10 - -47) + 14 + -22?
43
Calculate 6 + -30 + (30 - -40).
46
Evaluate 2 - (59 + -22) - -39.
4
Calculate 49 + 0 + (12 - -2) + -22 + (-6 - -23).
58
What is 96 - 109 - (23 + -5) - -9?
-22
(33 - 15 - 45) + -19 - (-2 + (6 - 0))
-50
What is 9 - (-12 + (1 - 14 - -12) + 39)?
-17
What is 13 + -24 + 1 + (-4 - -1 - -8)?
-5
What is 2 + 29 + 358 + -349?
40
Calculate -60 + (-145 - -190) - (51 - (-1 - -2)).
-65
Evaluate -6 + 1 + ((66 - -4) + -51 - (1 + 7)).
6
(-27 + 66 - 33) + (-1 + 111 - (-19 - -26))
109
(-6 + (1 - 3 - -11) - -5) + 1 + -32
-23
Evaluate 31 + -58 - -43 - (-29 + 2 + 0).
43
Evaluate 61 + (90 - (-113 + 200)).
64
-46 - (-2 - (-6 + 35) - -30 - (1 + 11))
-33
Evaluate (-4 + -15 + 4 - 53) + 14 + -4.
-58
What is (3 - 0) + (-162 - (-60 - 124))?
25
What is -8 + 9 - 8 - 0 - (-33 + 38)?
-12
(-10 - (-20 - -5)) + 10 - (-47 - -26)
36
What is 38 - (69 - -87) - -238?
120
Calculate (10 - (28 + -10)) + (-18 - -26) + -61.
-61
Evaluate 14 - 148 - (24 - (31 - -15)).
-112
Evaluate -14 - (-59 + 1 + -2 + -30).
76
What is the value of (-9 + -5 + 12 - 6 - -12) + -33?
-29
495 - 535 - (-45 - 1)
6
Calculate 7 + 0 - (224 - 289) - (-4 + 2).
74
What is -67 + 6 + (29 - (16 + -1 + -2))?
-45
Calculate (-7 - -26) + -4 - (13 + 11 + -14).
5
What is -1 + -2 - (859 + -848)?
-14
Calculate -240 + 228 + (-6 + 0 - ((3 - 3) + -1)).
-17
-33 + (82 - (3 - -43)) - 69
-66
What is the value of 4 + 5 + -6 - ((7 - -111) + -15 + -7)?
-93
What is the value of 9 - 18 - (0 + -53) - (-7 + (8 - -6))?
37
Evaluate (-124 - -102) + (3 - (14 - 1)).
-32
What is the value of (-28 - (22 - 49)) + -16?
-17
What is (4 - 17) + -3 + (-21 - -85)?
48
Calculate 3 + (-8 - 47) + 3.
-49
Evaluate 89 - (11 - (-56 - -42)).
64
11 + 27 + -62 + 52
28
(-16 - 15) + -21 + 49
-3
Evaluate (16 - -27) + (-96 + 86 + (1 - 0) - -7).
41
What is the value of -4 + -15 + 10 + (-4 - -1) - -6 - 0?
-6
Calculate 108 - (-38 - (-157 + 95)).
84
-10 - ((172 - 76) + -197)
91
Evaluate 19 - (-11 - -10 - (-11 + (10 - (-4 - 3)))).
26
-9 + (0 - 0) + 7 + 7
5
What is (25 - 5 - 99) + (24 - 18)?
-73
(-37 - (-23 + -59)) + -24
21
-56 - ((-1 - -16) + (93 - (110 + -6)))
-60
Calculate -14 + -3 + 4 - (16 - (135 + -11)).
95
Evaluate 22 + -40 - -35 - (1 - 4).
20
What is -76 - -2 - (-208 - -202)?
-68
What is -43 - (-48 + -40 - -25)?
20
2 - (-16 + -5 + 12) - 5 - -6
12
What is -3 - (51 + -6 + 10)?
-58
What is the value of 86 - 111 - (-11 - (5 - (-6 + 18)) - 0)?
-21
Evaluate -2 + (-4 + (-12 - -9) - (-3 + 1)) - -26.
19
What is the value of -11 + 69 - (19 - (-3 - (-10 + -22)))?
68
What is the value of 1 + 4 + (-34 - -36) + (2 - -37)?
46
Calculate -30 + -3 + 19 + 1 - -23 - -22.
32
What is the value of -3 - -2 - -12 - (23 - 42 - -30)?
0
What is the value of (-20 - -22) + 2 + -40?
-36
Calculate (0 - 23) + (98 - (-331 - -264)).
142
What is -1971 - -1862 - (-121 - 3)?
15
What is -102 + 1 + 736 + -687?
-52
What is (-82 + 42 - -5 - 29) + -41?
-105
Evaluate (-19 - (-37 - (-1 - 12))) + -21.
-16
-40 - (-3 - (-8 + 13 + 1)) - (-5 - -3)
-29
What is 13 + -27 + (-26 + 92 - 16)?
36
Calculate (-151 + 49 - 46) + 267.
119
Calculate -33 - (17 + (-62 - -41) + 83).
-112
3 + (-16 - 2 - (31 - 3)) - 8
-51
What is 9 - (-9 - -39) - 10?
-31
6 - ((31 - (-11 + -2)) + -5 + 6)
-39
What is the value of -92 - (4 - (1 + 0)) - (-180 + (101 - -83))?
-99
Calculate 0 + -15 - (3 - 25 - 16).
23
(-69 - -85) + (65 - -3)
84
What is (55 - -2) + (-1270 - -1210)?
-3
What is the value of 44 + (89 - (155 - 87))?
65
Evaluate 21 + -10 + -32 - -64.
43
Evaluate 2 + -4 + (0 - 27) - (-36 - -26 - -7).
-26
What is -5 - -114 - (31 + (2 - (43 + -33)))?
86
-51 - (-34 + 59 + -26)
-50
Evaluate 185 - 2 - (20 + 44 - 17).
136
Calculate (54 + -2 - 2) + (-25 - ((-12 - -37) + -61)).
61
What is (0 - 91) + (21 - 23) - -23?
-70
What is the value of 46 + -5 + -2574 + 2610?
77
What is 31 + -59 - (-66 - (-11 - -8))?
35
Calculate 29 + -12 + -6 + (-42 - -40).
9
What is the value of -124 + 63 + (-52 - -4) + 27?
-82
-15 + 5 + 23 + (-9 - 15) + -92 + 3
-100
40 - (-4 + (11 + 3 - 14) + 10)
34
Calculate (12 - (14 - -39)) + 11.
-30
Calculate -17 - -11 - (9 + -1 - 9).
-5
Calculate (-1 - (11 + -60 + (5 - 2))) + 14.
59
13 + -3 + -25 + (0 - -17) + 4 + 1
7
(1 - (8 + -17 + 9) - 62) + 14
-47
Evaluate 16 - 21 - (7 + -4 + -10 + 12 - -79).
-89
What is the value of -119 + (-1 - -5) + (-28 - (-13 - 13 - -5))?
-122
16 + (-69 - -56) - (-5 + 55)
-47
Evaluate (2 + (11 - 8) - (8 + 3) - 12) + 11.
-7
Calculate (60 - 12) + (-48 - 15).
-15
What is -1507 - -1454 - (-13 - (2 + 0))?
-38
What is the 